{"id":285,"date":"2019-07-16T13:32:48","date_gmt":"2019-07-16T13:32:48","guid":{"rendered":"https:\/\/bambus-mosaikfliesen.de\/?page_id=285"},"modified":"2019-10-24T13:11:45","modified_gmt":"2019-10-24T13:11:45","slug":"bm-003","status":"publish","type":"page","link":"https:\/\/bambus-mosaikfliesen.de\/?page_id=285","title":{"rendered":"BM-003"},"content":{"rendered":"\t\t<div data-elementor-type=\"wp-post\" data-elementor-id=\"285\" class=\"elementor elementor-285\" data-elementor-post-type=\"page\">\n\t\t\t\t\t\t<section class=\"elementor-section elementor-top-section elementor-element elementor-element-66740698 elementor-section-content-middle elementor-reverse-mobile elementor-section-stretched elementor-section-full_width elementor-section-height-default elementor-section-height-default\" data-id=\"66740698\" data-element_type=\"section\" data-e-type=\"section\" data-settings=\"{&quot;background_background&quot;:&quot;classic&quot;,&quot;stretch_section&quot;:&quot;section-stretched&quot;}\">\n\t\t\t\t\t\t<div class=\"elementor-container elementor-column-gap-no\">\n\t\t\t\t\t<div class=\"elementor-column elementor-col-50 elementor-top-column elementor-element elementor-element-691d740a\" data-id=\"691d740a\" data-element_type=\"column\" data-e-type=\"column\">\n\t\t\t<div class=\"elementor-widget-wrap elementor-element-populated\">\n\t\t\t\t\t\t<section class=\"elementor-section elementor-inner-section elementor-element elementor-element-2eb7023d elementor-section-boxed elementor-section-height-default elementor-section-height-default\" data-id=\"2eb7023d\" data-element_type=\"section\" data-e-type=\"section\">\n\t\t\t\t\t\t<div class=\"elementor-container elementor-column-gap-default\">\n\t\t\t\t\t<div class=\"elementor-column elementor-col-66 elementor-inner-column elementor-element elementor-element-7efb5d09\" data-id=\"7efb5d09\" data-element_type=\"column\" data-e-type=\"column\">\n\t\t\t<div class=\"elementor-widget-wrap elementor-element-populated\">\n\t\t\t\t\t\t<div class=\"elementor-element elementor-element-459d54d6 elementor-widget elementor-widget-image\" data-id=\"459d54d6\" data-element_type=\"widget\" data-e-type=\"widget\" data-widget_type=\"image.default\">\n\t\t\t\t<div class=\"elementor-widget-container\">\n\t\t\t\t\t\t\t\t\t\t\t\t<figure class=\"wp-caption\">\n\t\t\t\t\t\t\t\t\t\t\t<a href=\"https:\/\/www.stein-mosaik.de\/mosaik-bambus\/\">\n\t\t\t\t\t\t\t<img decoding=\"async\" src=\"https:\/\/bambus-mosaikfliesen.de\/wp-content\/uploads\/2019\/10\/BM-003-6.jpg\" title=\"BM-003-6\" alt=\"Bambus Wand-Verkleidung\" loading=\"lazy\" \/>\t\t\t\t\t\t\t\t<\/a>\n\t\t\t\t\t\t\t\t\t\t\t<figcaption class=\"widget-image-caption wp-caption-text\">-\tBambus - Mosaikfliesen - Wandpaneele - Holz-Verblender - Bamboo Mosaic -<\/figcaption>\n\t\t\t\t\t\t\t\t\t\t<\/figure>\n\t\t\t\t\t\t\t\t\t<\/div>\n\t\t\t\t<\/div>\n\t\t\t\t\t<\/div>\n\t\t<\/div>\n\t\t\t\t<div class=\"elementor-column elementor-col-33 elementor-inner-column elementor-element elementor-element-24d44f73\" data-id=\"24d44f73\" data-element_type=\"column\" data-e-type=\"column\">\n\t\t\t<div class=\"elementor-widget-wrap\">\n\t\t\t\t\t\t\t<\/div>\n\t\t<\/div>\n\t\t\t\t\t<\/div>\n\t\t<\/section>\n\t\t\t\t<section class=\"elementor-section elementor-inner-section elementor-element elementor-element-4e39adcb elementor-section-boxed elementor-section-height-default elementor-section-height-default\" data-id=\"4e39adcb\" data-element_type=\"section\" data-e-type=\"section\">\n\t\t\t\t\t\t<div class=\"elementor-container elementor-column-gap-default\">\n\t\t\t\t\t<div class=\"elementor-column elementor-col-50 elementor-inner-column elementor-element elementor-element-4b45914e\" data-id=\"4b45914e\" data-element_type=\"column\" data-e-type=\"column\">\n\t\t\t<div class=\"elementor-widget-wrap elementor-element-populated\">\n\t\t\t\t\t\t<div class=\"elementor-element elementor-element-594528c1 elementor-widget elementor-widget-image\" data-id=\"594528c1\" data-element_type=\"widget\" data-e-type=\"widget\" data-widget_type=\"image.default\">\n\t\t\t\t<div class=\"elementor-widget-container\">\n\t\t\t\t\t\t\t\t\t\t\t\t<figure class=\"wp-caption\">\n\t\t\t\t\t\t\t\t\t\t<img fetchpriority=\"high\" decoding=\"async\" width=\"800\" height=\"787\" src=\"https:\/\/bambus-mosaikfliesen.de\/wp-content\/uploads\/2019\/07\/BM003_bambusfliesen_mosaik-1024x1007.jpg\" class=\"attachment-large size-large wp-image-157\" alt=\"BM003_bambusfliesen_mosaik\" srcset=\"https:\/\/bambus-mosaikfliesen.de\/wp-content\/uploads\/2019\/07\/BM003_bambusfliesen_mosaik-1024x1007.jpg 1024w, https:\/\/bambus-mosaikfliesen.de\/wp-content\/uploads\/2019\/07\/BM003_bambusfliesen_mosaik-300x295.jpg 300w, https:\/\/bambus-mosaikfliesen.de\/wp-content\/uploads\/2019\/07\/BM003_bambusfliesen_mosaik-768x755.jpg 768w, https:\/\/bambus-mosaikfliesen.de\/wp-content\/uploads\/2019\/07\/BM003_bambusfliesen_mosaik.jpg 2000w\" sizes=\"(max-width: 800px) 100vw, 800px\" \/>\t\t\t\t\t\t\t\t\t\t\t<figcaption class=\"widget-image-caption wp-caption-text\">-\tBambus Mosaikfliesen - Wand-Design - Wall-Design - Bamboo Mosaic \u2013<\/figcaption>\n\t\t\t\t\t\t\t\t\t\t<\/figure>\n\t\t\t\t\t\t\t\t\t<\/div>\n\t\t\t\t<\/div>\n\t\t\t\t\t<\/div>\n\t\t<\/div>\n\t\t\t\t<div class=\"elementor-column elementor-col-50 elementor-inner-column elementor-element elementor-element-252aa003\" data-id=\"252aa003\" data-element_type=\"column\" data-e-type=\"column\">\n\t\t\t<div class=\"elementor-widget-wrap elementor-element-populated\">\n\t\t\t\t\t\t<div class=\"elementor-element elementor-element-413849bf elementor-widget elementor-widget-image\" data-id=\"413849bf\" data-element_type=\"widget\" data-e-type=\"widget\" data-widget_type=\"image.default\">\n\t\t\t\t<div class=\"elementor-widget-container\">\n\t\t\t\t\t\t\t\t\t\t\t\t<figure class=\"wp-caption\">\n\t\t\t\t\t\t\t\t\t\t<img decoding=\"async\" width=\"800\" height=\"787\" src=\"https:\/\/bambus-mosaikfliesen.de\/wp-content\/uploads\/2019\/07\/BM003_bambusfliesen_wanddeko-1024x1007.jpg\" class=\"attachment-large size-large wp-image-287\" alt=\"\" srcset=\"https:\/\/bambus-mosaikfliesen.de\/wp-content\/uploads\/2019\/07\/BM003_bambusfliesen_wanddeko-1024x1007.jpg 1024w, https:\/\/bambus-mosaikfliesen.de\/wp-content\/uploads\/2019\/07\/BM003_bambusfliesen_wanddeko-300x295.jpg 300w, https:\/\/bambus-mosaikfliesen.de\/wp-content\/uploads\/2019\/07\/BM003_bambusfliesen_wanddeko-768x755.jpg 768w, https:\/\/bambus-mosaikfliesen.de\/wp-content\/uploads\/2019\/07\/BM003_bambusfliesen_wanddeko.jpg 2000w\" sizes=\"(max-width: 800px) 100vw, 800px\" \/>\t\t\t\t\t\t\t\t\t\t\t<figcaption class=\"widget-image-caption wp-caption-text\">-\tBambus-Design - Wand-Design - Bamboo Design \u2013<\/figcaption>\n\t\t\t\t\t\t\t\t\t\t<\/figure>\n\t\t\t\t\t\t\t\t\t<\/div>\n\t\t\t\t<\/div>\n\t\t\t\t\t<\/div>\n\t\t<\/div>\n\t\t\t\t\t<\/div>\n\t\t<\/section>\n\t\t\t\t\t<\/div>\n\t\t<\/div>\n\t\t\t\t<div class=\"elementor-column elementor-col-50 elementor-top-column elementor-element elementor-element-1a339333\" data-id=\"1a339333\" data-element_type=\"column\" data-e-type=\"column\">\n\t\t\t<div class=\"elementor-widget-wrap elementor-element-populated\">\n\t\t\t\t\t\t<div class=\"elementor-element elementor-element-77b0f12b elementor-widget elementor-widget-heading\" data-id=\"77b0f12b\" data-element_type=\"widget\" data-e-type=\"widget\" data-widget_type=\"heading.default\">\n\t\t\t\t<div class=\"elementor-widget-container\">\n\t\t\t\t\t<h2 class=\"elementor-heading-title elementor-size-default\">Bambus Mosaikfliesen  bm-003<\/h2>\t\t\t\t<\/div>\n\t\t\t\t<\/div>\n\t\t\t\t<div class=\"elementor-element elementor-element-45effaf0 elementor-widget elementor-widget-text-editor\" data-id=\"45effaf0\" data-element_type=\"widget\" data-e-type=\"widget\" data-widget_type=\"text-editor.default\">\n\t\t\t\t<div class=\"elementor-widget-container\">\n\t\t\t\t\t\t\t\t\t<p>Das Bambus Mosaik BM-003<\/p><p>Unsere handgefertigten Bambus Mosaikfliesen sind ein Highlight und Trend im aktuellen Wohnbereich. Ein exklusives Wand-Design aus echter Bambus Wandpaneele sorgt f\u00fcr Aufmerksamkeit und bringt W\u00e4rme und Behaglichkeit in Ihr Heim. Das Material ist naturbelassen und frei von chemischen und synthetischen Stoffen. Die Mosaikfliesen sind handgefertigt, jede einzelne ein Unikat. Bambus w\u00e4chst sehr schnell, die Ernte erfolgt in 3 \u2013 5 Jahren. Sie k\u00f6nnen das Produkt im Ladenbau und im gesamten Wohnbereich verwenden.<\/p><p><strong>Da Stein-mosaik.de ein weltweites Netz von Zulieferern aufgebaut hat und wir unsere Waren selbst importieren, k\u00f6nnen wir zudem diese g\u00fcnstigen Konditionen anbieten. <\/strong><\/p><p><strong>\u2013 Fliesen Lager Verkauf Stein-mosaik.de Herne NRW \u2013<\/strong><\/p><p><strong>Sie k\u00f6nnen die Bambus Mosaikfliesen im Lager Herne kaufen und abholen \u2013<\/strong><strong>\u00a0<\/strong><span style=\"color: #ff0000;\"><strong>Verkauf, Abholung und Besichtigung: Gewerkenstr. 11, 44628 Herne, Montag \u2013 Samstag zwischen 10 \u2013 13 Uhr, Tel. 02323 944425.<\/strong><\/span><\/p><p>Weiteres an Naturstein, Kieselsteinfliesen, Schiefer, Travertin, Quarzit, Limestone, Marmor, Jade, Onyx, usw. in unserem Onlineshop <strong><a href=\"http:\/\/www.stein-mosaik.de\">www.stein-mosaik.de<\/a><\/strong><\/p><p><strong id=\"test_specsHeader\" class=\"boxhead\">Spezifikation<\/strong><\/p><table class=\"attributes\" width=\"100%\"><colgroup> <col span=\"2\" width=\"50%\" \/> <\/colgroup><tbody><tr><td id=\"test_attrTitle_1\"><b>Farbintensit\u00e4t bei Impr\u00e4gnierung<\/b><\/td><td id=\"test_attrValue_1\">medium<\/td><\/tr><tr><td id=\"test_attrTitle_2\">Verlegung<\/td><td id=\"test_attrValue_2\">Dispersionskleber<\/td><\/tr><tr><td id=\"test_attrTitle_3\"><b>Material<\/b><\/td><td id=\"test_attrValue_3\">Bambus auf Moosgummi<\/td><\/tr><tr><td id=\"test_attrTitle_4\"><b>Form<\/b><\/td><td id=\"test_attrValue_4\">Design<\/td><\/tr><tr><td id=\"test_attrTitle_5\">\u00a01 qm<\/td><td id=\"test_attrValue_5\">\u00a011 Bambus-Fliesen<\/td><\/tr><tr><td id=\"test_attrTitle_6\"><b>Gr\u00f6\u00dfe<\/b><\/td><td id=\"test_attrValue_6\">ca. 30 cm x 30 cm x 0,8\u00a0 cm<\/td><\/tr><tr><td id=\"test_attrTitle_7\">\u00a0<\/td><td id=\"test_attrValue_7\">\u00a0<\/td><\/tr><tr class=\"last\"><td id=\"test_attrTitle_8\">\u00a0<\/td><td id=\"test_attrValue_8\">\u00a0<\/td><\/tr><\/tbody><\/table>\t\t\t\t\t\t\t\t<\/div>\n\t\t\t\t<\/div>\n\t\t\t\t\t<\/div>\n\t\t<\/div>\n\t\t\t\t\t<\/div>\n\t\t<\/section>\n\t\t\t\t<section class=\"elementor-section elementor-top-section elementor-element elementor-element-4eba8e9 elementor-section-stretched elementor-section-full_width elementor-section-height-default elementor-section-height-default\" data-id=\"4eba8e9\" data-element_type=\"section\" data-e-type=\"section\" data-settings=\"{&quot;stretch_section&quot;:&quot;section-stretched&quot;}\">\n\t\t\t\t\t\t<div class=\"elementor-container elementor-column-gap-default\">\n\t\t\t\t\t<div class=\"elementor-column elementor-col-100 elementor-top-column elementor-element elementor-element-fe70a95\" data-id=\"fe70a95\" data-element_type=\"column\" data-e-type=\"column\">\n\t\t\t<div class=\"elementor-widget-wrap elementor-element-populated\">\n\t\t\t\t\t\t<div class=\"elementor-element elementor-element-5f67a5b elementor-widget elementor-widget-text-editor\" data-id=\"5f67a5b\" data-element_type=\"widget\" data-e-type=\"widget\" data-widget_type=\"text-editor.default\">\n\t\t\t\t<div class=\"elementor-widget-container\">\n\t\t\t\t\t\t\t\t\t<p><a href=\"https:\/\/Stein-mosaik.de\" target=\"_blank\" rel=\"noopener\">Stein-mosaik.de<\/a> &#8211; Mosaikfliesen g\u00fcnstig online kaufen in Erlangen Jena Remscheid Trier Salzgitter Moers Siegen Hildesheim Cottbus G\u00fctersloh Kaiserslautern Witten Hanau Schwerin Gera Esslingen am Neckar Ludwigsburg Iserlohn D\u00fcren T\u00fcbingen Zwickau Flensburg Gie\u00dfen Ratingen L\u00fcnen Villingen-Schwenningen3 Konstanz Marl Worms Velbert Minden Dessau-Ro\u00dflau2 Neum\u00fcnster Norderstedt Delmenhorst Bamberg Viersen Marburg Wilhelmshaven Rheine Gladbeck L\u00fcneburg Troisdorf Dorsten Bayreuth Detmold Arnsberg Castrop-Rauxel L\u00fcdenscheid Landshut Brandenburg an der Havel Bocholt Aschaffenburg Celle Kempten (Allg\u00e4u) Fulda Aalen Lippstadt Dinslaken Herford Kerpen R\u00fcsselsheim am Main Weimar Plauen Sindelfingen Neuwied Dormagen Neubrandenburg Grevenbroich Rosenheim Herten Bergheim Schw\u00e4bisch Gm\u00fcnd Friedrichshafen Garbsen Wesel H\u00fcrth Offenburg Stralsund Greifswald Langenfeld (Rheinland) Neu-Ulm Unna Euskirchen Frankfurt (Oder) G\u00f6ppingen Hameln Stolberg (Rheinland) Eschweiler G\u00f6rlitz Meerbusch Sankt Augustin Hilden Waiblingen Baden-Baden Hattingen Lingen (Ems) Bad Homburg vor der H\u00f6he Langenhagen Bad Salzuflen Pulheim Schweinfurt Nordhorn Neustadt an der Weinstra\u00dfe Wetzlar Menden (Sauerland) Ahlen Frechen Passau Wolfenb\u00fcttel Ibbenb\u00fcren Kleve Bad Kreuznach Goslar Gummersbach Ravensburg Willich Speyer Emden B\u00f6blingen Peine Elmshorn Erftstadt Rastatt Heidenheim an der Brenz L\u00f6rrach Bad Mosaik Fliesen Lager-Verkauf Herne NRW<\/p>\t\t\t\t\t\t\t\t<\/div>\n\t\t\t\t<\/div>\n\t\t\t\t\t<\/div>\n\t\t<\/div>\n\t\t\t\t\t<\/div>\n\t\t<\/section>\n\t\t\t\t<section class=\"elementor-section elementor-top-section elementor-element elementor-element-7be4794c elementor-section-boxed elementor-section-height-default elementor-section-height-default\" data-id=\"7be4794c\" data-element_type=\"section\" data-e-type=\"section\">\n\t\t\t\t\t\t<div class=\"elementor-container elementor-column-gap-default\">\n\t\t\t\t\t<div class=\"elementor-column elementor-col-100 elementor-top-column elementor-element elementor-element-52c8d066\" data-id=\"52c8d066\" data-element_type=\"column\" data-e-type=\"column\">\n\t\t\t<div class=\"elementor-widget-wrap elementor-element-populated\">\n\t\t\t\t\t\t<div class=\"elementor-element elementor-element-74b7b831 elementor-widget elementor-widget-text-editor\" data-id=\"74b7b831\" data-element_type=\"widget\" data-e-type=\"widget\" data-widget_type=\"text-editor.default\">\n\t\t\t\t<div class=\"elementor-widget-container\">\n\t\t\t\t\t\t\t\t\t<p><a href=\"https:\/\/Stein-mosaik.de\" target=\"_blank\" rel=\"noopener\">Stein-mosaik.de<\/a> &#8211; Mosaikfliesen g\u00fcnstig online kaufen in Berlin Hamburg M\u00fcnchen Stuttgart Frankfurt Mainz Hannover Leipzig Erfurt Kiel Bielefeld Paderborn M\u00fcnster M\u00f6nchengladbach Wesel Xanten Emmerich Viersen Essen Dortmund Bochum Recklinghausen Marl Coesfeld D\u00fclmen Haltern Datteln Castrop-Rauxel M\u00fclheim Gelsenkirchen Gladbeck Hattingen D\u00fcsseldorf K\u00f6ln Bonn Koblenz Leverkusen Hamm Unna L\u00fcnen Kamen Wuppertal Remscheid Duisburg Soest Werl Moers Oberhausen Neuss Krefeld Haan Ratingen Solingen Brilon Telgte Wickede Dorsten Herten Hagen Siegen Olpe Aachen Z\u00fclpich Kerpen Opladen L\u00fcdenscheid Sundern Gevelsberg H\u00fcrth Witten Kettwig Olsberg B\u00fcren Lippstadt Oelde Bocholt Bottrop Heiden Kleve J\u00fclich H\u00fcckelhoven Wetter Borken Gescher Ochtrup Goch Nordkirchen Marmor Bruchstein Naturstein Bad Mosaik Fliesen Lager-Verkauf Herne NRW<\/p>\t\t\t\t\t\t\t\t<\/div>\n\t\t\t\t<\/div>\n\t\t\t\t\t<\/div>\n\t\t<\/div>\n\t\t\t\t\t<\/div>\n\t\t<\/section>\n\t\t\t\t<\/div>\n\t\t","protected":false},"excerpt":{"rendered":"<p>&#8211; Bambus &#8211; Mosaikfliesen &#8211; Wandpaneele &#8211; Holz-Verblender &#8211; Bamboo Mosaic &#8211; &#8211; Bambus Mosaikfliesen &#8211; Wand-Design &#8211; Wall-Design &#8211; Bamboo Mosaic \u2013 &#8211; Bambus-Design &#8211; Wand-Design &#8211; Bamboo Design \u2013 Bambus Mosaikfliesen bm-003 Das Bambus Mosaik BM-003 Unsere handgefertigten Bambus Mosaikfliesen sind ein Highlight und Trend im aktuellen Wohnbereich. Ein exklusives Wand-Design aus echter [&hellip;]<\/p>\n","protected":false},"author":1,"featured_media":0,"parent":0,"menu_order":0,"comment_status":"closed","ping_status":"closed","template":"","meta":{"footnotes":""},"class_list":["post-285","page","type-page","status-publish","hentry"],"yoast_head":"<!-- This site is optimized with the Yoast SEO plugin v27.4 - https:\/\/yoast.com\/product\/yoast-seo-wordpress\/ -->\n<title>BM-003 - bambus-mosaikfliesen.de<\/title>\n<meta name=\"robots\" content=\"index, follow, max-snippet:-1, max-image-preview:large, max-video-preview:-1\" \/>\n<link rel=\"canonical\" href=\"https:\/\/bambus-mosaikfliesen.de\/?page_id=285\" \/>\n<meta property=\"og:locale\" content=\"de_DE\" \/>\n<meta property=\"og:type\" content=\"article\" \/>\n<meta property=\"og:title\" content=\"BM-003 - bambus-mosaikfliesen.de\" \/>\n<meta property=\"og:description\" content=\"&#8211; Bambus &#8211; Mosaikfliesen &#8211; Wandpaneele &#8211; Holz-Verblender &#8211; Bamboo Mosaic &#8211; &#8211; Bambus Mosaikfliesen &#8211; Wand-Design &#8211; Wall-Design &#8211; Bamboo Mosaic \u2013 &#8211; Bambus-Design &#8211; Wand-Design &#8211; Bamboo Design \u2013 Bambus Mosaikfliesen bm-003 Das Bambus Mosaik BM-003 Unsere handgefertigten Bambus Mosaikfliesen sind ein Highlight und Trend im aktuellen Wohnbereich. Ein exklusives Wand-Design aus echter [&hellip;]\" \/>\n<meta property=\"og:url\" content=\"https:\/\/bambus-mosaikfliesen.de\/?page_id=285\" \/>\n<meta property=\"og:site_name\" content=\"bambus-mosaikfliesen.de\" \/>\n<meta property=\"article:modified_time\" content=\"2019-10-24T13:11:45+00:00\" \/>\n<meta property=\"og:image\" content=\"https:\/\/bambus-mosaikfliesen.de\/wp-content\/uploads\/2019\/10\/BM-003-6.jpg\" \/>\n<meta name=\"twitter:card\" content=\"summary_large_image\" \/>\n<meta name=\"twitter:label1\" content=\"Gesch\u00e4tzte Lesezeit\" \/>\n\t<meta name=\"twitter:data1\" content=\"3\u00a0Minuten\" \/>\n<script type=\"application\/ld+json\" class=\"yoast-schema-graph\">{\"@context\":\"https:\\\/\\\/schema.org\",\"@graph\":[{\"@type\":\"WebPage\",\"@id\":\"https:\\\/\\\/bambus-mosaikfliesen.de\\\/?page_id=285\",\"url\":\"https:\\\/\\\/bambus-mosaikfliesen.de\\\/?page_id=285\",\"name\":\"BM-003 - bambus-mosaikfliesen.de\",\"isPartOf\":{\"@id\":\"https:\\\/\\\/bambus-mosaikfliesen.de\\\/#website\"},\"primaryImageOfPage\":{\"@id\":\"https:\\\/\\\/bambus-mosaikfliesen.de\\\/?page_id=285#primaryimage\"},\"image\":{\"@id\":\"https:\\\/\\\/bambus-mosaikfliesen.de\\\/?page_id=285#primaryimage\"},\"thumbnailUrl\":\"https:\\\/\\\/bambus-mosaikfliesen.de\\\/wp-content\\\/uploads\\\/2019\\\/10\\\/BM-003-6.jpg\",\"datePublished\":\"2019-07-16T13:32:48+00:00\",\"dateModified\":\"2019-10-24T13:11:45+00:00\",\"breadcrumb\":{\"@id\":\"https:\\\/\\\/bambus-mosaikfliesen.de\\\/?page_id=285#breadcrumb\"},\"inLanguage\":\"de\",\"potentialAction\":[{\"@type\":\"ReadAction\",\"target\":[\"https:\\\/\\\/bambus-mosaikfliesen.de\\\/?page_id=285\"]}]},{\"@type\":\"ImageObject\",\"inLanguage\":\"de\",\"@id\":\"https:\\\/\\\/bambus-mosaikfliesen.de\\\/?page_id=285#primaryimage\",\"url\":\"https:\\\/\\\/bambus-mosaikfliesen.de\\\/wp-content\\\/uploads\\\/2019\\\/10\\\/BM-003-6.jpg\",\"contentUrl\":\"https:\\\/\\\/bambus-mosaikfliesen.de\\\/wp-content\\\/uploads\\\/2019\\\/10\\\/BM-003-6.jpg\",\"width\":1800,\"height\":1783,\"caption\":\"Bambus -Mosaikfliesen Wand-Verkleidung\"},{\"@type\":\"BreadcrumbList\",\"@id\":\"https:\\\/\\\/bambus-mosaikfliesen.de\\\/?page_id=285#breadcrumb\",\"itemListElement\":[{\"@type\":\"ListItem\",\"position\":1,\"name\":\"Home\",\"item\":\"https:\\\/\\\/bambus-mosaikfliesen.de\\\/\"},{\"@type\":\"ListItem\",\"position\":2,\"name\":\"BM-003\"}]},{\"@type\":\"WebSite\",\"@id\":\"https:\\\/\\\/bambus-mosaikfliesen.de\\\/#website\",\"url\":\"https:\\\/\\\/bambus-mosaikfliesen.de\\\/\",\"name\":\"bambus-mosaikfliesen.de\",\"description\":\"Bambus Mosaikfliesen Wand-Design Verblender\",\"potentialAction\":[{\"@type\":\"SearchAction\",\"target\":{\"@type\":\"EntryPoint\",\"urlTemplate\":\"https:\\\/\\\/bambus-mosaikfliesen.de\\\/?s={search_term_string}\"},\"query-input\":{\"@type\":\"PropertyValueSpecification\",\"valueRequired\":true,\"valueName\":\"search_term_string\"}}],\"inLanguage\":\"de\"}]}<\/script>\n<!-- \/ Yoast SEO plugin. -->","yoast_head_json":{"title":"BM-003 - bambus-mosaikfliesen.de","robots":{"index":"index","follow":"follow","max-snippet":"max-snippet:-1","max-image-preview":"max-image-preview:large","max-video-preview":"max-video-preview:-1"},"canonical":"https:\/\/bambus-mosaikfliesen.de\/?page_id=285","og_locale":"de_DE","og_type":"article","og_title":"BM-003 - bambus-mosaikfliesen.de","og_description":"&#8211; Bambus &#8211; Mosaikfliesen &#8211; Wandpaneele &#8211; Holz-Verblender &#8211; Bamboo Mosaic &#8211; &#8211; Bambus Mosaikfliesen &#8211; Wand-Design &#8211; Wall-Design &#8211; Bamboo Mosaic \u2013 &#8211; Bambus-Design &#8211; Wand-Design &#8211; Bamboo Design \u2013 Bambus Mosaikfliesen bm-003 Das Bambus Mosaik BM-003 Unsere handgefertigten Bambus Mosaikfliesen sind ein Highlight und Trend im aktuellen Wohnbereich. Ein exklusives Wand-Design aus echter [&hellip;]","og_url":"https:\/\/bambus-mosaikfliesen.de\/?page_id=285","og_site_name":"bambus-mosaikfliesen.de","article_modified_time":"2019-10-24T13:11:45+00:00","og_image":[{"url":"https:\/\/bambus-mosaikfliesen.de\/wp-content\/uploads\/2019\/10\/BM-003-6.jpg","type":"","width":"","height":""}],"twitter_card":"summary_large_image","twitter_misc":{"Gesch\u00e4tzte Lesezeit":"3\u00a0Minuten"},"schema":{"@context":"https:\/\/schema.org","@graph":[{"@type":"WebPage","@id":"https:\/\/bambus-mosaikfliesen.de\/?page_id=285","url":"https:\/\/bambus-mosaikfliesen.de\/?page_id=285","name":"BM-003 - bambus-mosaikfliesen.de","isPartOf":{"@id":"https:\/\/bambus-mosaikfliesen.de\/#website"},"primaryImageOfPage":{"@id":"https:\/\/bambus-mosaikfliesen.de\/?page_id=285#primaryimage"},"image":{"@id":"https:\/\/bambus-mosaikfliesen.de\/?page_id=285#primaryimage"},"thumbnailUrl":"https:\/\/bambus-mosaikfliesen.de\/wp-content\/uploads\/2019\/10\/BM-003-6.jpg","datePublished":"2019-07-16T13:32:48+00:00","dateModified":"2019-10-24T13:11:45+00:00","breadcrumb":{"@id":"https:\/\/bambus-mosaikfliesen.de\/?page_id=285#breadcrumb"},"inLanguage":"de","potentialAction":[{"@type":"ReadAction","target":["https:\/\/bambus-mosaikfliesen.de\/?page_id=285"]}]},{"@type":"ImageObject","inLanguage":"de","@id":"https:\/\/bambus-mosaikfliesen.de\/?page_id=285#primaryimage","url":"https:\/\/bambus-mosaikfliesen.de\/wp-content\/uploads\/2019\/10\/BM-003-6.jpg","contentUrl":"https:\/\/bambus-mosaikfliesen.de\/wp-content\/uploads\/2019\/10\/BM-003-6.jpg","width":1800,"height":1783,"caption":"Bambus -Mosaikfliesen Wand-Verkleidung"},{"@type":"BreadcrumbList","@id":"https:\/\/bambus-mosaikfliesen.de\/?page_id=285#breadcrumb","itemListElement":[{"@type":"ListItem","position":1,"name":"Home","item":"https:\/\/bambus-mosaikfliesen.de\/"},{"@type":"ListItem","position":2,"name":"BM-003"}]},{"@type":"WebSite","@id":"https:\/\/bambus-mosaikfliesen.de\/#website","url":"https:\/\/bambus-mosaikfliesen.de\/","name":"bambus-mosaikfliesen.de","description":"Bambus Mosaikfliesen Wand-Design Verblender","potentialAction":[{"@type":"SearchAction","target":{"@type":"EntryPoint","urlTemplate":"https:\/\/bambus-mosaikfliesen.de\/?s={search_term_string}"},"query-input":{"@type":"PropertyValueSpecification","valueRequired":true,"valueName":"search_term_string"}}],"inLanguage":"de"}]}},"_links":{"self":[{"href":"https:\/\/bambus-mosaikfliesen.de\/index.php?rest_route=\/wp\/v2\/pages\/285","targetHints":{"allow":["GET"]}}],"collection":[{"href":"https:\/\/bambus-mosaikfliesen.de\/index.php?rest_route=\/wp\/v2\/pages"}],"about":[{"href":"https:\/\/bambus-mosaikfliesen.de\/index.php?rest_route=\/wp\/v2\/types\/page"}],"author":[{"embeddable":true,"href":"https:\/\/bambus-mosaikfliesen.de\/index.php?rest_route=\/wp\/v2\/users\/1"}],"replies":[{"embeddable":true,"href":"https:\/\/bambus-mosaikfliesen.de\/index.php?rest_route=%2Fwp%2Fv2%2Fcomments&post=285"}],"version-history":[{"count":9,"href":"https:\/\/bambus-mosaikfliesen.de\/index.php?rest_route=\/wp\/v2\/pages\/285\/revisions"}],"predecessor-version":[{"id":689,"href":"https:\/\/bambus-mosaikfliesen.de\/index.php?rest_route=\/wp\/v2\/pages\/285\/revisions\/689"}],"wp:attachment":[{"href":"https:\/\/bambus-mosaikfliesen.de\/index.php?rest_route=%2Fwp%2Fv2%2Fmedia&parent=285"}],"curies":[{"name":"wp","href":"https:\/\/api.w.org\/{rel}","templated":true}]}}