{"id":177,"date":"2019-07-15T14:24:32","date_gmt":"2019-07-15T14:24:32","guid":{"rendered":"https:\/\/bambus-mosaikfliesen.de\/?page_id=177"},"modified":"2019-10-28T12:37:31","modified_gmt":"2019-10-28T12:37:31","slug":"bm-001","status":"publish","type":"page","link":"https:\/\/bambus-mosaikfliesen.de\/?page_id=177","title":{"rendered":"BM-001"},"content":{"rendered":"\t\t<div data-elementor-type=\"wp-post\" data-elementor-id=\"177\" class=\"elementor elementor-177\" data-elementor-post-type=\"page\">\n\t\t\t\t\t\t<section class=\"elementor-section elementor-top-section elementor-element elementor-element-7ab8e618 elementor-section-content-middle elementor-reverse-mobile elementor-section-stretched elementor-section-full_width elementor-section-height-default elementor-section-height-default\" data-id=\"7ab8e618\" data-element_type=\"section\" data-e-type=\"section\" data-settings=\"{&quot;background_background&quot;:&quot;classic&quot;,&quot;stretch_section&quot;:&quot;section-stretched&quot;}\">\n\t\t\t\t\t\t<div class=\"elementor-container elementor-column-gap-no\">\n\t\t\t\t\t<div class=\"elementor-column elementor-col-50 elementor-top-column elementor-element elementor-element-50d4765e\" data-id=\"50d4765e\" data-element_type=\"column\" data-e-type=\"column\">\n\t\t\t<div class=\"elementor-widget-wrap elementor-element-populated\">\n\t\t\t\t\t\t<section class=\"elementor-section elementor-inner-section elementor-element elementor-element-4bec19ea elementor-section-boxed elementor-section-height-default elementor-section-height-default\" data-id=\"4bec19ea\" data-element_type=\"section\" data-e-type=\"section\">\n\t\t\t\t\t\t<div class=\"elementor-container elementor-column-gap-default\">\n\t\t\t\t\t<div class=\"elementor-column elementor-col-66 elementor-inner-column elementor-element elementor-element-70a9a135\" data-id=\"70a9a135\" data-element_type=\"column\" data-e-type=\"column\">\n\t\t\t<div class=\"elementor-widget-wrap elementor-element-populated\">\n\t\t\t\t\t\t<div class=\"elementor-element elementor-element-2e758307 elementor-widget elementor-widget-image\" data-id=\"2e758307\" data-element_type=\"widget\" data-e-type=\"widget\" data-widget_type=\"image.default\">\n\t\t\t\t<div class=\"elementor-widget-container\">\n\t\t\t\t\t\t\t\t\t\t\t\t<figure class=\"wp-caption\">\n\t\t\t\t\t\t\t\t\t\t\t<a href=\"https:\/\/www.stein-mosaik.de\/mosaikfliesen-bambus\/\">\n\t\t\t\t\t\t\t<img decoding=\"async\" src=\"https:\/\/bambus-mosaikfliesen.de\/wp-content\/uploads\/2019\/10\/BM-001-6.jpg\" title=\"BM-001-6\" alt=\"Bambus Mosaikfliesen als dekorative Wandverkleidung\" loading=\"lazy\" \/>\t\t\t\t\t\t\t\t<\/a>\n\t\t\t\t\t\t\t\t\t\t\t<figcaption class=\"widget-image-caption wp-caption-text\">-\tBambus - Mosaikfliesen - Wandpaneele - Holz-Verblender - Bamboo Mosaic -<\/figcaption>\n\t\t\t\t\t\t\t\t\t\t<\/figure>\n\t\t\t\t\t\t\t\t\t<\/div>\n\t\t\t\t<\/div>\n\t\t\t\t\t<\/div>\n\t\t<\/div>\n\t\t\t\t<div class=\"elementor-column elementor-col-33 elementor-inner-column elementor-element elementor-element-25272b80\" data-id=\"25272b80\" data-element_type=\"column\" data-e-type=\"column\">\n\t\t\t<div class=\"elementor-widget-wrap\">\n\t\t\t\t\t\t\t<\/div>\n\t\t<\/div>\n\t\t\t\t\t<\/div>\n\t\t<\/section>\n\t\t\t\t<section class=\"elementor-section elementor-inner-section elementor-element elementor-element-61a95e14 elementor-section-boxed elementor-section-height-default elementor-section-height-default\" data-id=\"61a95e14\" data-element_type=\"section\" data-e-type=\"section\">\n\t\t\t\t\t\t<div class=\"elementor-container elementor-column-gap-default\">\n\t\t\t\t\t<div class=\"elementor-column elementor-col-50 elementor-inner-column elementor-element elementor-element-3773413c\" data-id=\"3773413c\" data-element_type=\"column\" data-e-type=\"column\">\n\t\t\t<div class=\"elementor-widget-wrap elementor-element-populated\">\n\t\t\t\t\t\t<div class=\"elementor-element elementor-element-692808e2 elementor-widget elementor-widget-image\" data-id=\"692808e2\" data-element_type=\"widget\" data-e-type=\"widget\" data-widget_type=\"image.default\">\n\t\t\t\t<div class=\"elementor-widget-container\">\n\t\t\t\t\t\t\t\t\t\t\t\t<figure class=\"wp-caption\">\n\t\t\t\t\t\t\t\t\t\t<img fetchpriority=\"high\" decoding=\"async\" width=\"800\" height=\"787\" src=\"https:\/\/bambus-mosaikfliesen.de\/wp-content\/uploads\/2019\/07\/BM001_bambus_mosaik-1024x1007.jpg\" class=\"attachment-large size-large wp-image-155\" alt=\"BM001_bambus_mosaik\" srcset=\"https:\/\/bambus-mosaikfliesen.de\/wp-content\/uploads\/2019\/07\/BM001_bambus_mosaik-1024x1007.jpg 1024w, https:\/\/bambus-mosaikfliesen.de\/wp-content\/uploads\/2019\/07\/BM001_bambus_mosaik-300x295.jpg 300w, https:\/\/bambus-mosaikfliesen.de\/wp-content\/uploads\/2019\/07\/BM001_bambus_mosaik-768x755.jpg 768w, https:\/\/bambus-mosaikfliesen.de\/wp-content\/uploads\/2019\/07\/BM001_bambus_mosaik.jpg 2000w\" sizes=\"(max-width: 800px) 100vw, 800px\" \/>\t\t\t\t\t\t\t\t\t\t\t<figcaption class=\"widget-image-caption wp-caption-text\">-\tBambus Mosaikfliesen - Wand-Design - Wall-Design - Bamboo Mosaic -<\/figcaption>\n\t\t\t\t\t\t\t\t\t\t<\/figure>\n\t\t\t\t\t\t\t\t\t<\/div>\n\t\t\t\t<\/div>\n\t\t\t\t\t<\/div>\n\t\t<\/div>\n\t\t\t\t<div class=\"elementor-column elementor-col-50 elementor-inner-column elementor-element elementor-element-67557e18\" data-id=\"67557e18\" data-element_type=\"column\" data-e-type=\"column\">\n\t\t\t<div class=\"elementor-widget-wrap elementor-element-populated\">\n\t\t\t\t\t\t<div class=\"elementor-element elementor-element-2d2c6945 elementor-widget elementor-widget-image\" data-id=\"2d2c6945\" data-element_type=\"widget\" data-e-type=\"widget\" data-widget_type=\"image.default\">\n\t\t\t\t<div class=\"elementor-widget-container\">\n\t\t\t\t\t\t\t\t\t\t\t\t<figure class=\"wp-caption\">\n\t\t\t\t\t\t\t\t\t\t<img decoding=\"async\" width=\"800\" height=\"787\" src=\"https:\/\/bambus-mosaikfliesen.de\/wp-content\/uploads\/2019\/07\/BM001_bambus_mosaikfliesen-1024x1007.jpg\" class=\"attachment-large size-large wp-image-185\" alt=\"\" srcset=\"https:\/\/bambus-mosaikfliesen.de\/wp-content\/uploads\/2019\/07\/BM001_bambus_mosaikfliesen-1024x1007.jpg 1024w, https:\/\/bambus-mosaikfliesen.de\/wp-content\/uploads\/2019\/07\/BM001_bambus_mosaikfliesen-300x295.jpg 300w, https:\/\/bambus-mosaikfliesen.de\/wp-content\/uploads\/2019\/07\/BM001_bambus_mosaikfliesen-768x755.jpg 768w, https:\/\/bambus-mosaikfliesen.de\/wp-content\/uploads\/2019\/07\/BM001_bambus_mosaikfliesen.jpg 2000w\" sizes=\"(max-width: 800px) 100vw, 800px\" \/>\t\t\t\t\t\t\t\t\t\t\t<figcaption class=\"widget-image-caption wp-caption-text\">-\tBambus-Design - Wand-Design - Bamboo Design -<\/figcaption>\n\t\t\t\t\t\t\t\t\t\t<\/figure>\n\t\t\t\t\t\t\t\t\t<\/div>\n\t\t\t\t<\/div>\n\t\t\t\t\t<\/div>\n\t\t<\/div>\n\t\t\t\t\t<\/div>\n\t\t<\/section>\n\t\t\t\t\t<\/div>\n\t\t<\/div>\n\t\t\t\t<div class=\"elementor-column elementor-col-50 elementor-top-column elementor-element elementor-element-5243bd72\" data-id=\"5243bd72\" data-element_type=\"column\" data-e-type=\"column\">\n\t\t\t<div class=\"elementor-widget-wrap elementor-element-populated\">\n\t\t\t\t\t\t<div class=\"elementor-element elementor-element-3180bc9e elementor-widget elementor-widget-heading\" data-id=\"3180bc9e\" data-element_type=\"widget\" data-e-type=\"widget\" data-widget_type=\"heading.default\">\n\t\t\t\t<div class=\"elementor-widget-container\">\n\t\t\t\t\t<h2 class=\"elementor-heading-title elementor-size-default\">Bambus Mosaikfliesen BM-001<\/h2>\t\t\t\t<\/div>\n\t\t\t\t<\/div>\n\t\t\t\t<div class=\"elementor-element elementor-element-2d0361c4 elementor-widget elementor-widget-text-editor\" data-id=\"2d0361c4\" data-element_type=\"widget\" data-e-type=\"widget\" data-widget_type=\"text-editor.default\">\n\t\t\t\t<div class=\"elementor-widget-container\">\n\t\t\t\t\t\t\t\t\t<p>Das Bambus Mosaik BM-001<\/p><p>Unsere handgefertigten Bambus Mosaikfliesen sind ein Highlight und Trend im aktuellen Wohnbereich. Ein exklusives Wand-Design aus echter Bambus Wandpaneele sorgt f\u00fcr Aufmerksamkeit und bringt W\u00e4rme und Behaglichkeit in Ihr Heim. Das Material ist naturbelassen und frei von chemischen und synthetischen Stoffen. Die Mosaikfliesen sind handgefertigt, jede einzelne ein Unikat. Bambus w\u00e4chst sehr schnell, die Ernte erfolgt in 3 \u2013 5 Jahren. Sie k\u00f6nnen das Produkt im Ladenbau und im gesamten Wohnbereich verwenden.<\/p><p><strong>Da Stein-mosaik.de ein weltweites Netz von Zulieferern aufgebaut hat und wir unsere Waren selbst importieren, k\u00f6nnen wir zudem diese g\u00fcnstigen Konditionen anbieten. <\/strong><\/p><p><strong>\u2013 Fliesen Lager Verkauf Stein-mosaik.de Herne NRW \u2013<\/strong><\/p><p><strong>Sie k\u00f6nnen die Bambus Mosaikfliesen im Lager Herne kaufen und abholen \u2013<\/strong><strong>\u00a0<\/strong><span style=\"color: #ff0000;\"><strong>Verkauf, Abholung und Besichtigung: Gewerkenstr. 11, 44628 Herne, Montag \u2013 Samstag zwischen 10 \u2013 13 Uhr, Tel. 02323 944425.<\/strong><\/span><\/p><p>Weiteres an Naturstein, Kieselsteinfliesen, Schiefer, Travertin, Quarzit, Limestone, Marmor, Jade, Onyx, usw. in unserem Onlineshop <strong><a href=\"http:\/\/www.stein-mosaik.de\">www.stein-mosaik.de<\/a><\/strong><\/p><p><strong id=\"test_specsHeader\" class=\"boxhead\">Spezifikation:<\/strong><\/p><table class=\"attributes\" width=\"100%\"><colgroup> <col span=\"2\" width=\"50%\" \/> <\/colgroup><tbody><tr><td id=\"test_attrTitle_1\"><b>Farbintensit\u00e4t bei Impr\u00e4gnierung<\/b><\/td><td id=\"test_attrValue_1\">medium<\/td><\/tr><tr><td id=\"test_attrTitle_2\">Verlegung<\/td><td id=\"test_attrValue_2\">Dispersionskleber<\/td><\/tr><tr><td id=\"test_attrTitle_3\"><b>Material<\/b><\/td><td id=\"test_attrValue_3\">Bambus auf Moosgummi<\/td><\/tr><tr><td id=\"test_attrTitle_4\"><b>Form<\/b><\/td><td id=\"test_attrValue_4\">Design<\/td><\/tr><tr><td id=\"test_attrTitle_5\">\u00a01 qm<\/td><td id=\"test_attrValue_5\">\u00a011 Bambus-Fliesen<\/td><\/tr><tr><td id=\"test_attrTitle_6\"><b>Gr\u00f6\u00dfe<\/b><\/td><td id=\"test_attrValue_6\">ca. 30 cm x 30 cm x 0,8\u00a0 cm<\/td><\/tr><tr><td id=\"test_attrTitle_7\">\u00a0<\/td><td id=\"test_attrValue_7\">\u00a0<\/td><\/tr><tr class=\"last\"><td id=\"test_attrTitle_8\">\u00a0<\/td><td id=\"test_attrValue_8\">\u00a0<\/td><\/tr><\/tbody><\/table>\t\t\t\t\t\t\t\t<\/div>\n\t\t\t\t<\/div>\n\t\t\t\t\t<\/div>\n\t\t<\/div>\n\t\t\t\t\t<\/div>\n\t\t<\/section>\n\t\t\t\t<section class=\"elementor-section elementor-top-section elementor-element elementor-element-18670f45 elementor-section-stretched elementor-section-full_width elementor-section-height-default elementor-section-height-default\" data-id=\"18670f45\" data-element_type=\"section\" data-e-type=\"section\" data-settings=\"{&quot;stretch_section&quot;:&quot;section-stretched&quot;}\">\n\t\t\t\t\t\t<div class=\"elementor-container elementor-column-gap-default\">\n\t\t\t\t\t<div class=\"elementor-column elementor-col-100 elementor-top-column elementor-element elementor-element-6e6f86d6\" data-id=\"6e6f86d6\" data-element_type=\"column\" data-e-type=\"column\">\n\t\t\t<div class=\"elementor-widget-wrap elementor-element-populated\">\n\t\t\t\t\t\t<div class=\"elementor-element elementor-element-15c35a43 elementor-widget elementor-widget-text-editor\" data-id=\"15c35a43\" data-element_type=\"widget\" data-e-type=\"widget\" data-widget_type=\"text-editor.default\">\n\t\t\t\t<div class=\"elementor-widget-container\">\n\t\t\t\t\t\t\t\t\t<p><a href=\"https:\/\/Stein-mosaik.de\" target=\"_blank\" rel=\"noopener\">Stein-mosaik.de<\/a> &#8211; Mosaikfliesen g\u00fcnstig online kaufen in Erlangen Jena Remscheid Trier Salzgitter Moers Siegen Hildesheim Cottbus G\u00fctersloh Kaiserslautern Witten Hanau Schwerin Gera Esslingen am Neckar Ludwigsburg Iserlohn D\u00fcren T\u00fcbingen Zwickau Flensburg Gie\u00dfen Ratingen L\u00fcnen Villingen-Schwenningen3 Konstanz Marl Worms Velbert Minden Dessau-Ro\u00dflau2 Neum\u00fcnster Norderstedt Delmenhorst Bamberg Viersen Marburg Wilhelmshaven Rheine Gladbeck L\u00fcneburg Troisdorf Dorsten Bayreuth Detmold Arnsberg Castrop-Rauxel L\u00fcdenscheid Landshut Brandenburg an der Havel Bocholt Aschaffenburg Celle Kempten (Allg\u00e4u) Fulda Aalen Lippstadt Dinslaken Herford Kerpen R\u00fcsselsheim am Main Weimar Plauen Sindelfingen Neuwied Dormagen Neubrandenburg Grevenbroich Rosenheim Herten Bergheim Schw\u00e4bisch Gm\u00fcnd Friedrichshafen Garbsen Wesel H\u00fcrth Offenburg Stralsund Greifswald Langenfeld (Rheinland) Neu-Ulm Unna Euskirchen Frankfurt (Oder) G\u00f6ppingen Hameln Stolberg (Rheinland) Eschweiler G\u00f6rlitz Meerbusch Sankt Augustin Hilden Waiblingen Baden-Baden Hattingen Lingen (Ems) Bad Homburg vor der H\u00f6he Langenhagen Bad Salzuflen Pulheim Schweinfurt Nordhorn Neustadt an der Weinstra\u00dfe Wetzlar Menden (Sauerland) Ahlen Frechen Passau Wolfenb\u00fcttel Ibbenb\u00fcren Kleve Bad Kreuznach Goslar Gummersbach Ravensburg Willich Speyer Emden B\u00f6blingen Peine Elmshorn Erftstadt Rastatt Heidenheim an der Brenz L\u00f6rrach Bad Mosaik Fliesen Lager-Verkauf Herne NRW<\/p>\t\t\t\t\t\t\t\t<\/div>\n\t\t\t\t<\/div>\n\t\t\t\t\t<\/div>\n\t\t<\/div>\n\t\t\t\t\t<\/div>\n\t\t<\/section>\n\t\t\t\t<\/div>\n\t\t","protected":false},"excerpt":{"rendered":"<p>&#8211; Bambus &#8211; Mosaikfliesen &#8211; Wandpaneele &#8211; Holz-Verblender &#8211; Bamboo Mosaic &#8211; &#8211; Bambus Mosaikfliesen &#8211; Wand-Design &#8211; Wall-Design &#8211; Bamboo Mosaic &#8211; &#8211; Bambus-Design &#8211; Wand-Design &#8211; Bamboo Design &#8211; Bambus Mosaikfliesen BM-001 Das Bambus Mosaik BM-001 Unsere handgefertigten Bambus Mosaikfliesen sind ein Highlight und Trend im aktuellen Wohnbereich. Ein exklusives Wand-Design aus echter [&hellip;]<\/p>\n","protected":false},"author":1,"featured_media":0,"parent":10,"menu_order":0,"comment_status":"closed","ping_status":"closed","template":"elementor_header_footer","meta":{"footnotes":""},"class_list":["post-177","page","type-page","status-publish","hentry"],"yoast_head":"<!-- This site is optimized with the Yoast SEO plugin v27.4 - https:\/\/yoast.com\/product\/yoast-seo-wordpress\/ -->\n<title>BM-001 - bambus-mosaikfliesen.de<\/title>\n<meta name=\"robots\" content=\"index, follow, max-snippet:-1, max-image-preview:large, max-video-preview:-1\" \/>\n<link rel=\"canonical\" href=\"https:\/\/bambus-mosaikfliesen.de\/?page_id=177\" \/>\n<meta property=\"og:locale\" content=\"de_DE\" \/>\n<meta property=\"og:type\" content=\"article\" \/>\n<meta property=\"og:title\" content=\"BM-001 - bambus-mosaikfliesen.de\" \/>\n<meta property=\"og:description\" content=\"&#8211; Bambus &#8211; Mosaikfliesen &#8211; Wandpaneele &#8211; Holz-Verblender &#8211; Bamboo Mosaic &#8211; &#8211; Bambus Mosaikfliesen &#8211; Wand-Design &#8211; Wall-Design &#8211; Bamboo Mosaic &#8211; &#8211; Bambus-Design &#8211; Wand-Design &#8211; Bamboo Design &#8211; Bambus Mosaikfliesen BM-001 Das Bambus Mosaik BM-001 Unsere handgefertigten Bambus Mosaikfliesen sind ein Highlight und Trend im aktuellen Wohnbereich. Ein exklusives Wand-Design aus echter [&hellip;]\" \/>\n<meta property=\"og:url\" content=\"https:\/\/bambus-mosaikfliesen.de\/?page_id=177\" \/>\n<meta property=\"og:site_name\" content=\"bambus-mosaikfliesen.de\" \/>\n<meta property=\"article:modified_time\" content=\"2019-10-28T12:37:31+00:00\" \/>\n<meta property=\"og:image\" content=\"https:\/\/bambus-mosaikfliesen.de\/wp-content\/uploads\/2019\/10\/BM-001-6.jpg\" \/>\n<meta name=\"twitter:card\" content=\"summary_large_image\" \/>\n<meta name=\"twitter:label1\" content=\"Gesch\u00e4tzte Lesezeit\" \/>\n\t<meta name=\"twitter:data1\" content=\"2\u00a0Minuten\" \/>\n<script type=\"application\/ld+json\" class=\"yoast-schema-graph\">{\"@context\":\"https:\\\/\\\/schema.org\",\"@graph\":[{\"@type\":\"WebPage\",\"@id\":\"https:\\\/\\\/bambus-mosaikfliesen.de\\\/?page_id=177\",\"url\":\"https:\\\/\\\/bambus-mosaikfliesen.de\\\/?page_id=177\",\"name\":\"BM-001 - bambus-mosaikfliesen.de\",\"isPartOf\":{\"@id\":\"https:\\\/\\\/bambus-mosaikfliesen.de\\\/#website\"},\"primaryImageOfPage\":{\"@id\":\"https:\\\/\\\/bambus-mosaikfliesen.de\\\/?page_id=177#primaryimage\"},\"image\":{\"@id\":\"https:\\\/\\\/bambus-mosaikfliesen.de\\\/?page_id=177#primaryimage\"},\"thumbnailUrl\":\"https:\\\/\\\/bambus-mosaikfliesen.de\\\/wp-content\\\/uploads\\\/2019\\\/10\\\/BM-001-6.jpg\",\"datePublished\":\"2019-07-15T14:24:32+00:00\",\"dateModified\":\"2019-10-28T12:37:31+00:00\",\"breadcrumb\":{\"@id\":\"https:\\\/\\\/bambus-mosaikfliesen.de\\\/?page_id=177#breadcrumb\"},\"inLanguage\":\"de\",\"potentialAction\":[{\"@type\":\"ReadAction\",\"target\":[\"https:\\\/\\\/bambus-mosaikfliesen.de\\\/?page_id=177\"]}]},{\"@type\":\"ImageObject\",\"inLanguage\":\"de\",\"@id\":\"https:\\\/\\\/bambus-mosaikfliesen.de\\\/?page_id=177#primaryimage\",\"url\":\"https:\\\/\\\/bambus-mosaikfliesen.de\\\/wp-content\\\/uploads\\\/2019\\\/10\\\/BM-001-6.jpg\",\"contentUrl\":\"https:\\\/\\\/bambus-mosaikfliesen.de\\\/wp-content\\\/uploads\\\/2019\\\/10\\\/BM-001-6.jpg\",\"width\":1800,\"height\":1764,\"caption\":\"Wand_Design_Fliese\"},{\"@type\":\"BreadcrumbList\",\"@id\":\"https:\\\/\\\/bambus-mosaikfliesen.de\\\/?page_id=177#breadcrumb\",\"itemListElement\":[{\"@type\":\"ListItem\",\"position\":1,\"name\":\"Home\",\"item\":\"https:\\\/\\\/bambus-mosaikfliesen.de\\\/\"},{\"@type\":\"ListItem\",\"position\":2,\"name\":\"Home\",\"item\":\"https:\\\/\\\/bambus-mosaikfliesen.de\\\/\"},{\"@type\":\"ListItem\",\"position\":3,\"name\":\"BM-001\"}]},{\"@type\":\"WebSite\",\"@id\":\"https:\\\/\\\/bambus-mosaikfliesen.de\\\/#website\",\"url\":\"https:\\\/\\\/bambus-mosaikfliesen.de\\\/\",\"name\":\"bambus-mosaikfliesen.de\",\"description\":\"Bambus Mosaikfliesen Wand-Design Verblender\",\"potentialAction\":[{\"@type\":\"SearchAction\",\"target\":{\"@type\":\"EntryPoint\",\"urlTemplate\":\"https:\\\/\\\/bambus-mosaikfliesen.de\\\/?s={search_term_string}\"},\"query-input\":{\"@type\":\"PropertyValueSpecification\",\"valueRequired\":true,\"valueName\":\"search_term_string\"}}],\"inLanguage\":\"de\"}]}<\/script>\n<!-- \/ Yoast SEO plugin. -->","yoast_head_json":{"title":"BM-001 - bambus-mosaikfliesen.de","robots":{"index":"index","follow":"follow","max-snippet":"max-snippet:-1","max-image-preview":"max-image-preview:large","max-video-preview":"max-video-preview:-1"},"canonical":"https:\/\/bambus-mosaikfliesen.de\/?page_id=177","og_locale":"de_DE","og_type":"article","og_title":"BM-001 - bambus-mosaikfliesen.de","og_description":"&#8211; Bambus &#8211; Mosaikfliesen &#8211; Wandpaneele &#8211; Holz-Verblender &#8211; Bamboo Mosaic &#8211; &#8211; Bambus Mosaikfliesen &#8211; Wand-Design &#8211; Wall-Design &#8211; Bamboo Mosaic &#8211; &#8211; Bambus-Design &#8211; Wand-Design &#8211; Bamboo Design &#8211; Bambus Mosaikfliesen BM-001 Das Bambus Mosaik BM-001 Unsere handgefertigten Bambus Mosaikfliesen sind ein Highlight und Trend im aktuellen Wohnbereich. Ein exklusives Wand-Design aus echter [&hellip;]","og_url":"https:\/\/bambus-mosaikfliesen.de\/?page_id=177","og_site_name":"bambus-mosaikfliesen.de","article_modified_time":"2019-10-28T12:37:31+00:00","og_image":[{"url":"https:\/\/bambus-mosaikfliesen.de\/wp-content\/uploads\/2019\/10\/BM-001-6.jpg","type":"","width":"","height":""}],"twitter_card":"summary_large_image","twitter_misc":{"Gesch\u00e4tzte Lesezeit":"2\u00a0Minuten"},"schema":{"@context":"https:\/\/schema.org","@graph":[{"@type":"WebPage","@id":"https:\/\/bambus-mosaikfliesen.de\/?page_id=177","url":"https:\/\/bambus-mosaikfliesen.de\/?page_id=177","name":"BM-001 - bambus-mosaikfliesen.de","isPartOf":{"@id":"https:\/\/bambus-mosaikfliesen.de\/#website"},"primaryImageOfPage":{"@id":"https:\/\/bambus-mosaikfliesen.de\/?page_id=177#primaryimage"},"image":{"@id":"https:\/\/bambus-mosaikfliesen.de\/?page_id=177#primaryimage"},"thumbnailUrl":"https:\/\/bambus-mosaikfliesen.de\/wp-content\/uploads\/2019\/10\/BM-001-6.jpg","datePublished":"2019-07-15T14:24:32+00:00","dateModified":"2019-10-28T12:37:31+00:00","breadcrumb":{"@id":"https:\/\/bambus-mosaikfliesen.de\/?page_id=177#breadcrumb"},"inLanguage":"de","potentialAction":[{"@type":"ReadAction","target":["https:\/\/bambus-mosaikfliesen.de\/?page_id=177"]}]},{"@type":"ImageObject","inLanguage":"de","@id":"https:\/\/bambus-mosaikfliesen.de\/?page_id=177#primaryimage","url":"https:\/\/bambus-mosaikfliesen.de\/wp-content\/uploads\/2019\/10\/BM-001-6.jpg","contentUrl":"https:\/\/bambus-mosaikfliesen.de\/wp-content\/uploads\/2019\/10\/BM-001-6.jpg","width":1800,"height":1764,"caption":"Wand_Design_Fliese"},{"@type":"BreadcrumbList","@id":"https:\/\/bambus-mosaikfliesen.de\/?page_id=177#breadcrumb","itemListElement":[{"@type":"ListItem","position":1,"name":"Home","item":"https:\/\/bambus-mosaikfliesen.de\/"},{"@type":"ListItem","position":2,"name":"Home","item":"https:\/\/bambus-mosaikfliesen.de\/"},{"@type":"ListItem","position":3,"name":"BM-001"}]},{"@type":"WebSite","@id":"https:\/\/bambus-mosaikfliesen.de\/#website","url":"https:\/\/bambus-mosaikfliesen.de\/","name":"bambus-mosaikfliesen.de","description":"Bambus Mosaikfliesen Wand-Design Verblender","potentialAction":[{"@type":"SearchAction","target":{"@type":"EntryPoint","urlTemplate":"https:\/\/bambus-mosaikfliesen.de\/?s={search_term_string}"},"query-input":{"@type":"PropertyValueSpecification","valueRequired":true,"valueName":"search_term_string"}}],"inLanguage":"de"}]}},"_links":{"self":[{"href":"https:\/\/bambus-mosaikfliesen.de\/index.php?rest_route=\/wp\/v2\/pages\/177","targetHints":{"allow":["GET"]}}],"collection":[{"href":"https:\/\/bambus-mosaikfliesen.de\/index.php?rest_route=\/wp\/v2\/pages"}],"about":[{"href":"https:\/\/bambus-mosaikfliesen.de\/index.php?rest_route=\/wp\/v2\/types\/page"}],"author":[{"embeddable":true,"href":"https:\/\/bambus-mosaikfliesen.de\/index.php?rest_route=\/wp\/v2\/users\/1"}],"replies":[{"embeddable":true,"href":"https:\/\/bambus-mosaikfliesen.de\/index.php?rest_route=%2Fwp%2Fv2%2Fcomments&post=177"}],"version-history":[{"count":34,"href":"https:\/\/bambus-mosaikfliesen.de\/index.php?rest_route=\/wp\/v2\/pages\/177\/revisions"}],"predecessor-version":[{"id":729,"href":"https:\/\/bambus-mosaikfliesen.de\/index.php?rest_route=\/wp\/v2\/pages\/177\/revisions\/729"}],"up":[{"embeddable":true,"href":"https:\/\/bambus-mosaikfliesen.de\/index.php?rest_route=\/wp\/v2\/pages\/10"}],"wp:attachment":[{"href":"https:\/\/bambus-mosaikfliesen.de\/index.php?rest_route=%2Fwp%2Fv2%2Fmedia&parent=177"}],"curies":[{"name":"wp","href":"https:\/\/api.w.org\/{rel}","templated":true}]}}